9*w + 156. Calculate q(-150).
6
Let g(n) = -6*n**2 + 6*n - 16. Calculate g(2).
-28
Let s(n) = -11*n + 33. Determine s(3).
0
Let u(v) = 5*v**2 + 156*v. What is u(-31)?
-31
Let l(g) = g**3 + 209*g**2 - 208*g + 424. Determine l(-210).
4
Let g(v) = 16*v + 59. Give g(9).
203
Let g(n) = -2*n**2 - 79*n - 265. Calculate g(-4).
19
Let d(h) = h**3 + 10*h**2 + 20*h + 92. Determine d(-7).
99
Let l(h) = 69*h**2 + 80*h - 1. Determine l(-1).
-12
Let a(p) = 224*p + 25758. Determine a(-115).
-2
Let g(o) = -o**3 - 11*o**2 + 24*o + 61. Calculate g(-14).
313
Let f(q) = -q**3 + 13*q**2 - 25*q - 30. What is f(10)?
20
Let w(o) = -104*o + 3933. Give w(38).
-19
Let f(r) = -65*r - 49. What is f(-5)?
276
Let x(u) = -u**3 + 9*u**2 - 19*u + 64. Calculate x(4).
68
Let t(i) = -91*i + 185. Determine t(2).
3
Let w(l) = 220*l - 1322. What is w(6)?
-2
Let a(g) = g**3 - 4*g**2 + 2*g + 21. Give a(6).
105
Let b(q) = q**2 + 28*q + 95. Calculate b(-23).
-20
Let l(s) = 179*s**2 - 3398*s + 15. What is l(19)?
72
Let v(y) = -2*y**2 + 68*y + 5849. What is v(74)?
-71
Let j(p) = 394*p**2 - 16944*p + 77. Calculate j(43).
-9
Let o(t) = 205*t - 2879. Calculate o(14).
-9
Let q(g) = -2*g**3 + 3*g**2 + 4*g + 107. Calculate q(6).
-193
Let c(k) = 7457*k + 22358. Give c(-3).
-13
Let r(q) = q**2 + 2927*q + 98357. Give r(-34).
-5
Let c(q) = 206*q**2 + 21425*q + 106. What is c(-104)?
2
Let x(j) = j**3 - 44*j**2 + 105*j + 713. Give x(41).
-25
Let v(k) = 3*k**2 + 14*k + 42. Calculate v(-7).
91
Let q(k) = -2*k**3 - 126*k**2 + 6*k + 378. Give q(-63).
0
Let p(o) = 8*o**2 - 2*o + 29. Calculate p(0).
29
Let c(f) = 3*f**3 - 13*f**2 - 21*f - 107. Determine c(-4).
-423
Let n(q) = q**3 + 10*q**2 + 87*q + 475. Determine n(-7).
13
Let f(o) = -4*o**2 + 56*o + 79. What is f(15)?
19
Let v(i) = 20*i + 15. What is v(0)?
15
Let p(d) = 36*d**3 + 5*d**2 - 6*d + 15. Calculate p(3).
1014
Let v(k) = 138*k + 3411. Determine v(-25).
-39
Let m(b) = 71*b - 1858. Give m(26).
-12
Let d(s) = 2*s**3 + 72*s**2 + 3*s + 125. Calculate d(-36).
17
Let v(t) = -t**3 + 139*t**2 + 1019*t + 450. Determine v(146).
12
Let z(p) = -6*p**2 - 290*p - 116. Give z(-48).
-20
Let q(g) = 30*g + 77. What is q(0)?
77
Let v(q) = -6496*q + 25975. Calculate v(4).
-9
Let d(j) = 43*j**3 + 2*j**2 + 39*j - 40. Give d(1).
44
Let l(j) = -j**2 + 207*j + 1713. Determine l(-8).
-7
Let d(m) = -m**3 - 10*m**2 - 33*m - 76. Calculate d(-7).
8
Let o(i) = i - 21. Give o(24).
3
Let z(n) = 880*n + 4399. Give z(-5).
-1
Let i(n) = 56*n + 271. Give i(-5).
-9
Let n(j) = -j**3 - 5*j**2 + 3*j + 5. Give n(-6).
23
Let x(a) = -20*a**3 - 122*a**2 - 25*a - 79. Calculate x(-6).
-1
Let f(c) = 60*c + 181. Determine f(-3).
1
Let v(g) = -17*g**3 - 4*g**2 + 3*g + 2. What is v(-1)?
12
Let b(v) = -v**3 - 10*v**2 + 22*v + 23. Determine b(-12).
47
Let a(p) = -5*p - 39. Calculate a(-5).
-14
Let k(y) = 5*y**2 - 26*y + 35. What is k(5)?
30
Let n(s) = 30*s - 2. What is n(0)?
-2
Let u(r) = -2*r**3 - 12*r**2 - 6*r - 29. Calculate u(-5).
-49
Let f(y) = -2*y**3 + 30*y**2 + 70*y - 606. Calculate f(16).
2
Let t(r) = -19*r + 546. Calculate t(27).
33
Let m(g) = -2*g**3 - 27*g**2 - 18*g + 27. Calculate m(-13).
92
Let x(k) = -4*k**2 - 43*k + 88. Determine x(2).
-14
Let g(t) = -39*t + 3276. Determine g(84).
0
Let i(d) = -26*d**3 - 393*d**2 - 25*d + 305. Give i(-15).
5
Let b(u) = 6*u**3 + 13*u**2 + 7*u + 23. Determine b(-4).
-181
Let h(b) = 16*b**2 + 243*b + 67. Give h(-14).
-199
Let k(w) = -3049*w - 33522. Determine k(-11).
17
Let x(d) = 49*d - 338. Determine x(9).
103
Let s(t) = 3*t**2 + 178*t + 557. Give s(-56).
-3
Let n(i) = 7579*i + 30319. What is n(-4)?
3
Let o(n) = n**3 - 18*n**2 + 80*n - 160. Determine o(13).
35
Let r(k) = k**3 - 10*k**2 - 33*k - 2. Give r(13).
76
Let u(k) = -240*k**2 + 47*k + 48. Calculate u(-1).
-239
Let d(h) = h**3 - 8*h**2 + 13*h. Calculate d(5).
-10
Let d(l) = l**3 + 3*l**2 - 89*l - 417. Determine d(-7).
10
Let y(f) = f**3 + 41*f**2 + 82*f + 166. Give y(-39).
10
Let c(z) = 113*z + 2041. Determine c(-18).
7
Let r(z) = -3*z**2 + 113*z - 910. Determine r(11).
-30
Let b(l) = -62*l**3 - 6*l**2 + 12*l - 3. Give b(2).
-499
Let j(t) = -t**3 + 7*t**2 - 3*t - 22. Determine j(6).
-4
Let i(l) = 2*l**2 - 5*l + 29. What is i(8)?
117
Let c(w) = 3*w**2 + 11*w - 42. Calculate c(-11).
200
Let w(y) = -11*y**2 + 56*y + 26. Calculate w(-2).
-130
Let o(l) = -11*l**3 + 34*l**2 - 4*l + 8. Calculate o(3).
5
Let r(a) = a**2 - 55*a + 650. What is r(45)?
200
Let h(d) = -50*d**2 + 903*d - 48. Calculate h(18).
6
Let p(f) = f**3 - 19*f**2 - 129*f + 21. Determine p(-5).
66
Let l(y) = y**2 - 49*y + 339. Determine l(9).
-21
Let i(m) = 155*m + 1867. What is i(-12)?
7
Let w(l) = -2*l**3 + 34*l**2 - 27*l - 86. Give w(16).
-6
Let c(w) = -5*w + 270. Determine c(10).
220
Let c(d) = -4*d**2 + 55*d - 38. Calculate c(16).
-182
Let w(v) = -271*v - 3243. Determine w(-12).
9
Let c(d) = 13*d**2 - 352*d + 39. Determine c(27).
12
Let k(m) = 258*m + 1009. Calculate k(-5).
-281
Let y(m) = -382*m - 11729. Calculate y(-31).
113
Let r(o) = o - 104. Calculate r(22).
-82
Let n(s) = s**3 - 15*s**2 + 28*s - 147. Calculate n(16).
557
Let h(f) = -165*f - 813. What is h(-5)?
12
Let r(s) = -s**3 + s**2 - 6*s + 471. Give r(0).
471
Let w(s) = -s**3 - 7*s**2 - 14*s - 4. Determine w(-5).
16
Let w(a) = -11*a**3 - 41*a**2 - 47*a - 230. Give w(-4).
6
Let w(v) = -2*v**3 - 21*v**2 - 51*v - 75. What is w(-6)?
-93
Let g(a) = 618*a + 217541. What is g(-352)?
5
Let a(f) = -f**3 + 34*f**2 - 294*f + 165. What is a(19)?
-6
Let l(x) = 12*x - 572. What is l(41)?
-80
Let u(c) = -371*c + 47479. What is u(128)?
-9
Let s(j) = j**2 + 7*j - 512. Determine s(-23).
-144
Let a(b) = 39*b + 492. Give a(-11).
63
Let u(l) = -2183*l - 137530. What is u(-63)?
-1
Let r(m) = -m**3 - 13*m**2 + 25*m + 3. Give r(-14).
-151
Let l(w) = -w**3 + 45*w**2 - 97*w + 212. What is l(43)?
-261
Let b(d) = -d**2 - 5*d + 234. What is b(15)?
-66
Let q(n) = -67*n**2 - 107*n + 57. Determine q(-2).
3
Let u(m) = 517*m - 12936. Calculate u(25).
-11
Let q(v) = 10*v + 573. Determine q(-56).
13
Let l(s) = -20*s - 976. What is l(-53)?
84
Let l(x) = x**2 - 9*x - 1622. Give l(45).
-2
Let r(y) = -y**2 - 81*y - 1457. What is r(-28)?
27
Let d(c) = -72*c + 5439. Calculate d(75).
39
Let n(o) = -173*o**3 + o**2 + 2. Calculate n(1).
-170
Let f(x) = 5*x**2 + 222*x + 302. Calculate f(-43).
1
Let w(l) = l**3 + 39*l**2 + 145*l + 149. Calculate w(-35).
-26
Let g(b) = -b**3 + 246*b**2 - 119*b + 29266. Calculate g(246).
-8
Let k(n) = -17*n + 69. Give k(-13).
290
Let j(i) = i**3 + 33*i**2 - 537*i + 126. Give j(-45).
-9
Let z(q) = -q**3 + 40*q**2 - 36*q - 131. What is z(39)?
-14
Let l(r) = -r**2 - 598*r - 5852. Determine l(-10).
28
Let o(q) = -58*q**3 + 7*q**2 + 4*q - 2. Give o(1).
-49
Let t(o) = -38*o + 699. Give t(30).
-441
Let x(m) = -14*m + 508. What is x(71)?
-486
Let o(p) = 2*p**3 - 24*p**2 - 9*p - 233. Determine o(13).
-12
Let h(z) = -3*z**2 - 88*z - 577. Determine h(0).
-577
Let q(c) = c**2 - 109*c - 17854. Determine q(-90).
56
Let o(q) = q**3 - 26*q**2 - 341*q + 196. Give o(-10).
6
Let k(j) = -j**3 - 6*j**2 + 45*j - 25. Determine k(-11).
85
Let t(c) = -18*c**2 + 4129*c - 1604. Give t(229).
-1
Let j(d) = 2*d**2 + 59*d - 12. Give j(-30).
18
Let s(f) = -6*f**2 - 58*f + 106. Calculate s(-11).
18
Let g(r) = -83*r**2 + 545*r. Determine g(6).
282
Let w(v) = v**3 - 49*v**2 + 216*v + 178. Determine w(44).
2
Let g(i) = 2*i**2 + 109*i - 275. Determine g(-57).
10
Let q(f) = -14*f**3 + 3*f**2 + 3*f - 1. Calculate q(1).
-9
Let x(w) = 9*w**3 - 8*w**2 + 30*w + 84. Give x(-4).
-740
Let r(v) = v**3 + 41*v**2 + 148*v + 19. What is r(-37)?
19
Let c(b) = -2*b**2 + 14*b + 16. Give c(7).
16
Let q(p) = -7*p**3 - 690*p**2 + 296*p - 83. Calculate q(-99).
16
Let s(c) = c**3 + 6*c**2 - 34*c - 24. Calculate s(-9).
39
Let m(f) = 82*f + 3002. What is m(-37)?
-32
Let d(n) = -8*n**2 - 19*n + 45. Calculate d(4).
-159
Let c(u) = -7*u**2 + 164*u - 59. Determine c(23).
10
Let g(a) = a**3 - 5*a**2 - 25. Determine g(5).
-25
Let x(l) = -279*l - 291. Calculate x(-1).
-12
Let a(m) = 150*m**3 - 2*m**2 + 3*m - 2. Give a(1).
149
Let g(u) = -u**2 + 75*u - 27. What is g(75)?
-27
Let v(g) = 153*g + 26595. What is v(-174)?
-27
Let d(z) = 271*z - 8684. Determine d(32).
-12
Let l(p) = 234*p + 3505. What is l(-15)?
-5
Let o(k) = k**3 - 3*k + 1. What is o(1)?